 = 7*j**2 - 12*j + 10. Give z(1).
5
Let i(a) = -a**3 - 10*a**2 - 12*a - 13. What is i(-9)?
14
Let f(b) = b**3 + 3*b**2 - 4*b - 4. Determine f(-5).
-34
Let v(l) = -38*l + 374. Determine v(10).
-6
Let k(g) = -9*g**3 + 2*g**2 - 2*g - 3. Give k(-1).
10
Let y(q) = -14*q**3 - 2*q**2 - 7*q - 5. Calculate y(-2).
113
Let t(m) = 4*m**2 + m - 11. What is t(4)?
57
Let d(v) = -3*v**2 + 57*v - 47. Give d(18).
7
Let n(b) = -b**2 + 5*b + 7. Determine n(5).
7
Let f(n) = n + 1. Give f(-8).
-7
Let l(i) = 16*i + 234. Give l(-15).
-6
Let h(i) = 4*i**3 - i**2 - 4*i + 6. Calculate h(2).
26
Let x(a) = -5*a**2 + 2. What is x(1)?
-3
Let g(z) = z**3 + 16*z**2 + 13*z - 18. Calculate g(-15).
12
Let u(k) = 16*k**2 - 3*k + 6. Calculate u(3).
141
Let z(l) = -20*l - 4. Give z(2).
-44
Let a(g) = -2*g**3 + 3*g**2 - 6*g - 1. What is a(2)?
-17
Let x(y) = -y**3 + 35*y + 3. Determine x(6).
-3
Let t(q) = q**2 + 3*q - 9. Give t(3).
9
Let z(o) = -3*o**2 - 100*o + 77. What is z(-34)?
9
Let f(o) = o**3 + 21*o**2 + 36*o - 29. Determine f(-19).
9
Let a(w) = -w**2 + 3*w + 6. What is a(-5)?
-34
Let q(r) = r**2 + 14*r + 9. Give q(-10).
-31
Let u(y) = -2*y**3 - 5*y**2 - 2*y + 3. Give u(-3).
18
Let o(q) = -q**3 - 13*q**2 + q + 16. Determine o(-13).
3
Let o(l) = 7*l**3 - l**2 - l + 1. What is o(1)?
6
Let h(g) = g**3 - 8*g**2 - 11*g - 2. What is h(9)?
-20
Let q(i) = -i**2 - 70*i - 264. What is q(-66)?
0
Let c(p) = -18*p + 1. Calculate c(1).
-17
Let q(g) = g**3 + 6*g**2 + 4*g + 7. Give q(-6).
-17
Let l(w) = w**2 + 9*w + 6. Determine l(-8).
-2
Let v(m) = m**3 - 12*m**2 - m - 55. Give v(12).
-67
Let w(t) = -t**3 + 6*t**2 - t + 7. What is w(0)?
7
Let s(p) = -p**3 - p**2 - 5*p - 32. Calculate s(-4).
36
Let j(r) = r**2 - 6*r - 27. Give j(7).
-20
Let a(l) = -3*l**2 + 2*l. Give a(-4).
-56
Let d(t) = -16*t**2 - 3*t - 1. Give d(-1).
-14
Let s(o) = -o**3 - 11*o**2 - 8*o + 31. Give s(-10).
11
Let q(m) = -m**2 - 10*m - 34. Calculate q(-10).
-34
Let t(l) = l**2 + 9*l + 2. Give t(-8).
-6
Let n(y) = -11*y + 68. Give n(8).
-20
Let l(h) = -6*h + 45. Calculate l(7).
3
Let l(s) = s + 7. Calculate l(-9).
-2
Let a(r) = -7*r - 4. Determine a(-7).
45
Let q(f) = -15*f**3 + f**2 - 4. Calculate q(2).
-120
Let i(a) = a**2 + 9*a - 37. What is i(-12)?
-1
Let p(h) = 2*h**3 + 2*h + 5. Calculate p(0).
5
Let f(h) = -h**3 + 5*h**2 + 6*h + 7. What is f(6)?
7
Let o(z) = z**3 - 5*z**2 + 4*z - 10. Determine o(4).
-10
Let r(p) = -5*p - 53. Determine r(-10).
-3
Let n(r) = -53*r**2 + 1. Determine n(1).
-52
Let y(m) = -2*m**3 + 37*m**2 + 18*m - 3. Determine y(19).
-22
Let r(g) = g**2 - 17*g - 24. Determine r(17).
-24
Let s(a) = -2*a**2 + 17. Determine s(-6).
-55
Let j(d) = d**3 - 15*d**2 + 16*d - 19. Give j(14).
9
Let n(l) = l**3 - 11*l**2 + 10*l + 11. Give n(10).
11
Let h(j) = -2*j**2 - 7*j + 495. Calculate h(14).
5
Let n(f) = -4*f**3 + 3*f**2 + f - 4. What is n(2)?
-22
Let g(u) = -13*u**2 - u. What is g(-1)?
-12
Let c(v) = -v**3 - v**2 + 3*v + 6. Determine c(-4).
42
Let c(v) = -v + 8. What is c(4)?
4
Let v(g) = g**2 + 4*g - 3. Calculate v(3).
18
Let w(o) = o**3 - 3*o**2 + 4*o - 6. Give w(4).
26
Let k(y) = -3*y**2 - 3*y - 12. What is k(-5)?
-72
Let m(v) = -v + 45. Give m(0).
45
Let d(r) = r**2 + 2*r - 16. What is d(0)?
-16
Let k(n) = -n**3 - 8*n**2 + 4*n + 1. Calculate k(-7).
-76
Let k(t) = t**2 - 37*t + 236. What is k(8)?
4
Let y(l) = -11*l + 4. Give y(1).
-7
Let r(o) = -o**3 - 18*o**2 + 16*o - 55. Determine r(-19).
2
Let f(y) = y**3 + 2*y**2 - 18*y - 16. Calculate f(-6).
-52
Let d(c) = 2*c**2 + 25*c + 2. What is d(-13)?
15
Let r(s) = s**2 - 14*s - 36. Calculate r(15).
-21
Let k(o) = 2*o**2 + 36*o + 7. What is k(-18)?
7
Let w(l) = -l**3 + 11*l**2 + 14*l - 29. What is w(12)?
-5
Let y(z) = -z**2 - 22*z - 2. Calculate y(-20).
38
Let z(g) = -g**3 - 10*g**2 + 143*g - 10. Calculate z(-18).
8
Let n(i) = i**3 - 11*i**2 - 11*i - 18. Determine n(12).
-6
Let w(b) = -4*b - 32. Give w(-8).
0
Let g(j) = 9*j**2 + 1. Determine g(1).
10
Let v(r) = r + 5. Determine v(7).
12
Let d(q) = q**2 - 3*q - 25. Determine d(-5).
15
Let z(h) = -h**3 + 2*h**2 - 19*h - 7. Give z(0).
-7
Let j(v) = 48*v**3 + v**2 - v. What is j(1)?
48
Let d(k) = -60*k + 2033. Give d(34).
-7
Let u(l) = -17*l - 72. Determine u(-4).
-4
Let v(d) = 4*d - 3. Give v(-8).
-35
Let v(d) = -3*d - 19. Calculate v(-5).
-4
Let m(d) = -2*d**3 - 2*d**2 + 2*d. Calculate m(1).
-2
Let j(f) = -f**3 - 8*f**2 - f - 15. Give j(-8).
-7
Let t(l) = 2*l**2 + 10*l + 12. Give t(-5).
12
Let a(r) = -r**2 + 40*r - 280. Give a(31).
-1
Let f(w) = w**2 - 18*w - 6. Calculate f(18).
-6
Let h(j) = -2*j**3 + 18*j**2 - 20*j - 1. Give h(7).
55
Let j(w) = -w**3 - 33*w**2 - 54*w + 253. Calculate j(-31).
5
Let v(z) = -z + 14. Calculate v(19).
-5
Let s(a) = 4*a - 60. Determine s(15).
0
Let w(m) = m**3 - 6*m**2 + 2*m + 11. What is w(5)?
-4
Let i(k) = k**3 + 7*k**2 + 7*k + 2. What is i(-6)?
-4
Let s(o) = -2*o + 8. What is s(6)?
-4
Let y(t) = t**3 - 13*t**2 - 10*t - 47. Give y(14).
9
Let f(r) = 168*r + 845. What is f(-5)?
5
Let b(c) = c**3 - 2*c**2 - 19*c + 49. Calculate b(4).
5
Let f(i) = i**3 + 5*i**2 + 3*i + 8. Determine f(-4).
12
Let g(s) = -s**3 - 4*s**2 - s - 6. Give g(0).
-6
Let h(k) = -16*k**2 - k + 1. Give h(1).
-16
Let i(c) = c**3 - 9*c**2 + 19*c. What is i(6)?
6
Let q(w) = -w**2 + 11*w + 15. Give q(11).
15
Let t(j) = -j**2 - 150*j + 922. Determine t(6).
-14
Let f(m) = -m**2 - 22*m - 41. What is f(-19)?
16
Let y(x) = x**2 - 10*x - 100. Calculate y(-7).
19
Let h(u) = -45*u - 87. Calculate h(-2).
3
Let q(d) = -4*d - 6. Give q(-9).
30
Let v(b) = -12*b - 81. Give v(-6).
-9
Let a(z) = 4*z**3 + z**2 - 4*z + 5. Determine a(2).
33
Let g(k) = k**2 - 45*k + 134. Determine g(42).
8
Let g(j) = -j**3 + 7*j**2 - 8*j + 9. What is g(6)?
-3
Let x(m) = 20*m**2 - 221*m + 4. Determine x(11).
-7
Let w(q) = q**2 - 3*q + 7. What is w(0)?
7
Let j(s) = -2*s**2 + 23*s + 54. What is j(18)?
-180
Let b(g) = -4*g - 40. Give b(-10).
0
Let m(n) = -2*n**2 - 36*n - 68. Determine m(-16).
-4
Let f(n) = n**2 + 10*n - 17. What is f(-12)?
7
Let r(k) = k**3 - 18*k**2 - 9*k + 179. Give r(18).
17
Let f(o) = o**3 - 12*o**2 - 16*o + 41. What is f(13)?
2
Let a(q) = -2*q + 28. Give a(14).
0
Let y(o) = 7*o. Determine y(-4).
-28
Let v(w) = -w**2 + 9*w + 6. Give v(8).
14
Let r(g) = -77*g + 70. Determine r(1).
-7
Let h(x) = -x**3 + 3*x**2 - x - 3. Give h(4).
-23
Let i(c) = c**3 + 4*c**2 + 8. What is i(-4)?
8
Let w(c) = 98*c - 486. Give w(5).
4
Let w(l) = l**2 + 14*l - 24. Calculate w(-14).
-24
Let c(p) = 2*p**2 - 12*p - 57. Determine c(9).
-3
Let a(y) = 2*y**2 - 5*y + 4. What is a(6)?
46
Let z(i) = 4*i - 18. Calculate z(4).
-2
Let w(d) = 168*d + 340. Calculate w(-2).
4
Let q(w) = -35*w + 311. Give q(9).
-4
Let g(w) = -w + 9. Give g(-7).
16
Let f(z) = -9*z - 7. What is f(-5)?
38
Let i(z) = 12*z + 501. Give i(-42).
-3
Let a(t) = t**2 + t + 7. Give a(0).
7
Let q(a) = 8*a**3 + 3*a**2 + 3*a - 4. Determine q(1).
10
Let v(c) = -2*c**2 + 12*c + 9. Calculate v(7).
-5
Let z(f) = f**3 + f**2 + 7*f + 7. Determine z(-3).
-32
Let d(w) = -2*w + 57. Calculate d(0).
57
Let j(f) = -16*f + 1. What is j(4)?
-63
Let l(t) = 4*t**2 + 61*t - 120. Give l(-17).
-1
Let f(s) = 3*s**3 - 15*s**2 + s + 4. Calculate f(5).
9
Let y(u) = -u**3 - 3*u**2 - 2*u - 24. Give y(-4).
0
Let n(h) = h**2 + 16*h + 34. Give n(-14).
6
Let w(u) = u**3 - 3*u**2 - 2*u + 9. What is w(2)?
1
Let d(o) = 4*o - 78. What is d(16)?
-14
Let a(g) = -3*g + 20. Calculate a(0).
20
Let o(p) = p**3 - 9*p**2 + p + 9. What is o(9)?
18
Let q(b) = -b**3 - 8*b**2 + 4*b + 6. Determine q(-8).
-26
Let z(j) = j**3 - 3*j**2 - 4*j - 1. Calculate z(4).
-1
Let p(n) = n. Calculate p(-11).
-11
Let m(u) = 2*u**2 + 10*u - 6. What is m(-6)?
6
Let o(k) = k**3 + 8*k**2 + 12*k + 1. What is o(-6)?
1
Let l(f) = -f**3 - 18*f**2 - 74*f - 30. Give l(-12).
-6
Let o(r) = 12*r + 146. What is o(-9)?
38
Let d(g) = g**3 - 23*g**2 - 20*g - 101. What is d(24)?
-5
Let x(d) = -d**3 - 8*d**2 - 5*d - 6. Determine x(-4).
-50
Let a(w) = w**2 - 7*w - 1. Give a(7).
-1
Let o(q) = 5*q**3 - 39*q**2 - 7*q - 8. Give o(8).
0
Let h(c) = -7*c + 2. Give h(2).
-12
Let c(v) = -v**3 + 5*v**2 + 9*v - 1. Determine c(6).
17
Let b(u) = -u**3 + 2*u**2 - 2*u + 9. Give b(4).
-31
Let v(k) = -k**2 - 15*k - 10. Calculate v(-14).
4
Let s(i) = -12*i + 204. What is s(18)?
-12
Let d(p) = p**3 + 45*p